{"id":496,"date":"2021-01-12T13:48:44","date_gmt":"2021-01-12T13:48:44","guid":{"rendered":"http:\/\/tackpro.com.br\/tackpro\/?post_type=product&#038;p=496"},"modified":"2026-01-22T16:41:56","modified_gmt":"2026-01-22T16:41:56","slug":"cabecada-com-focinheira-metal-fivela-2","status":"publish","type":"product","link":"http:\/\/tackpro.com.br\/tackpro\/produto\/cabecada-com-focinheira-metal-fivela-2\/","title":{"rendered":"CABE\u00c7ADA COM FOCINHEIRA METAL FIVELA"},"content":{"rendered":"<p>Cores: Havana, Marrom e preto.<\/p>\n","protected":false},"excerpt":{"rendered":"<p>Cores: Havana, Marrom e preto.<\/p>\n<blockquote>\n<ul>\n<li><span style=\"font-family: Arial, Helvetica, sans-serif; font-size: small;\">Enfeites cl\u00e1ssicos em a\u00e7o inox na testeira e focinheira;<\/span><\/li>\n<li><span style=\"font-family: Arial, Helvetica, sans-serif; font-size: small;\">Cachaceira anat\u00f4mica, almofadada e revestida em vaqueta macia, para prote\u00e7\u00e3o de nuca e orelhas;<\/span><\/li>\n<li><span style=\"font-family: Arial, Helvetica, sans-serif; font-size: small;\">Faceiras com fivela;<\/span><\/li>\n<li><span style=\"font-family: Arial, Helvetica, sans-serif; font-size: small;\">Focinheira com fivela de rolete para facilidade de ajuste;<\/span><\/li>\n<li><span style=\"font-family: Arial, Helvetica, sans-serif; font-size: small;\"><strong>Agora com novo e exclusivo sistema em que a correia da focinheira \u00e9 incorporada na cachaceira, para excepcional conforto ao cavalo.<\/strong><\/span><\/li>\n<\/ul>\n<\/blockquote>\n","protected":false},"featured_media":497,"template":"","meta":{"spay_email":""},"_links":{"self":[{"href":"http:\/\/tackpro.com.br\/tackpro\/wp-json\/wp\/v2\/product\/496"}],"collection":[{"href":"http:\/\/tackpro.com.br\/tackpro\/wp-json\/wp\/v2\/product"}],"about":[{"href":"http:\/\/tackpro.com.br\/tackpro\/wp-json\/wp\/v2\/types\/product"}],"wp:featuredmedia":[{"embeddable":true,"href":"http:\/\/tackpro.com.br\/tackpro\/wp-json\/wp\/v2\/media\/497"}],"wp:attachment":[{"href":"http:\/\/tackpro.com.br\/tackpro\/wp-json\/wp\/v2\/media?parent=496"}],"curies":[{"name":"wp","href":"https:\/\/api.w.org\/{rel}","templated":true}]}}