{"id":586,"date":"2023-06-15T18:32:16","date_gmt":"2023-06-15T18:32:16","guid":{"rendered":"http:\/\/tackpro.com.br\/tackpro\/?post_type=product&#038;p=586"},"modified":"2026-01-22T16:37:43","modified_gmt":"2026-01-22T16:37:43","slug":"cabresto-anatomico","status":"publish","type":"product","link":"http:\/\/tackpro.com.br\/tackpro\/produto\/cabresto-anatomico\/","title":{"rendered":"CABRESTO ANAT\u00d4MICO"},"content":{"rendered":"<p>Cores: Havana, Marrom e preto.<\/p>\n","protected":false},"excerpt":{"rendered":"<ul>\n<li>Almofadado e revestido em vaqueta macia, para prote\u00e7\u00e3o de nuca e orelhas;<\/li>\n<li>Focinheira com acabamento baleado;<\/li>\n<li>Regulagem na barbela e dupla regulagem na cachaceira;<\/li>\n<li>Placa em a\u00e7o inox para grava\u00e7\u00e3o de nome.<\/li>\n<\/ul>\n","protected":false},"featured_media":587,"template":"","meta":{"spay_email":""},"_links":{"self":[{"href":"http:\/\/tackpro.com.br\/tackpro\/wp-json\/wp\/v2\/product\/586"}],"collection":[{"href":"http:\/\/tackpro.com.br\/tackpro\/wp-json\/wp\/v2\/product"}],"about":[{"href":"http:\/\/tackpro.com.br\/tackpro\/wp-json\/wp\/v2\/types\/product"}],"wp:featuredmedia":[{"embeddable":true,"href":"http:\/\/tackpro.com.br\/tackpro\/wp-json\/wp\/v2\/media\/587"}],"wp:attachment":[{"href":"http:\/\/tackpro.com.br\/tackpro\/wp-json\/wp\/v2\/media?parent=586"}],"curies":[{"name":"wp","href":"https:\/\/api.w.org\/{rel}","templated":true}]}}